11935?
77
Calculate the highest common divisor of 16 and 48208.
16
What is the greatest common divisor of 5234 and 22?
2
Calculate the greatest common factor of 87 and 189.
3
What is the greatest common factor of 22416 and 678?
6
What is the highest common divisor of 3020451 and 21?
21
Calculate the greatest common factor of 10062 and 7267.
559
Calculate the greatest common divisor of 32160 and 272.
16
What is the greatest common factor of 3414480 and 960?
240
What is the greatest common divisor of 282 and 647754?
282
What is the greatest common divisor of 1274 and 73010?
98
What is the highest common divisor of 89229 and 399?
21
What is the greatest common factor of 3375 and 23500?
125
Calculate the greatest common divisor of 54 and 337689.
27
Calculate the greatest common factor of 442170 and 54.
18
What is the greatest common divisor of 7354503 and 1822?
911
Calculate the greatest common factor of 623 and 97099.
89
Calculate the highest common factor of 95 and 15751.
19
Calculate the highest common factor of 1030627 and 13.
13
Calculate the highest common divisor of 523320 and 1080.
120
Calculate the greatest common divisor of 2691420 and 186.
186
What is the highest common factor of 56 and 79996?
28
Calculate the highest common divisor of 252 and 892220.
28
Calculate the greatest common divisor of 755212 and 4707.
523
What is the highest common factor of 2072 and 18872?
56
What is the highest common divisor of 615756 and 276?
276
Calculate the highest common factor of 1956 and 40750.
326
Calculate the greatest common divisor of 70 and 1850.
10
Calculate the highest common divisor of 640 and 61840.
80
What is the highest common factor of 418 and 3439?
19
What is the highest common factor of 7 and 28961?
1
Calculate the highest common factor of 37241 and 223.
223
Calculate the greatest common factor of 110817 and 63.
63
Calculate the highest common divisor of 432 and 20288.
16
Calculate the greatest common divisor of 433 and 10647037.
433
Calculate the greatest common divisor of 5589 and 2231.
23
What is the greatest common factor of 587929 and 106?
53
What is the greatest common divisor of 3075 and 1275?
75
Calculate the greatest common divisor of 51591 and 261.
87
What is the highest common factor of 106667 and 209?
11
What is the highest common factor of 7845 and 240?
15
What is the greatest common divisor of 7475 and 1180475?
575
Calculate the highest common divisor of 5293 and 15563.
79
Calculate the highest common divisor of 288 and 275136.
96
What is the greatest common divisor of 675 and 5025?
75
Calculate the highest common divisor of 13502274 and 19.
19
What is the highest common divisor of 86 and 122765?
43
Calculate the greatest common divisor of 140 and 107860.
20
Calculate the greatest common factor of 177161 and 98687.
1189
Calculate the highest common factor of 544 and 2081616.
272
Calculate the greatest common factor of 32612 and 4247.
31
What is the greatest common factor of 13642 and 304?
38
What is the highest common factor of 248 and 6169?
31
What is the greatest common divisor of 9 and 13113?
9
Calculate the greatest common factor of 17 and 3386.
1
Calculate the highest common factor of 3388 and 5621.
77
What is the greatest common divisor of 1187994 and 228?
114
Calculate the greatest common divisor of 2682572 and 893.
893
What is the highest common factor of 49584 and 372?
12
Calculate the highest common divisor of 952 and 10200.
136
What is the greatest common factor of 51381 and 9801?
297
Calculate the greatest common factor of 65 and 39871.
13
Calculate the highest common factor of 1230 and 1290.
30
Calculate the greatest common divisor of 66 and 564399.
33
Calculate the greatest common factor of 31608 and 56.
8
Calculate the highest common divisor of 51370 and 30.
10
What is the greatest common factor of 3834 and 1350?
54
What is the highest common divisor of 109833 and 6?
3
What is the greatest common factor of 5050 and 390?
10
Calculate the greatest common divisor of 912723 and 1078.
49
What is the highest common factor of 34688 and 448?
64
What is the highest common divisor of 560433 and 267?
267
What is the greatest common factor of 3561199 and 743?
743
What is the highest common divisor of 613842 and 21006?
2334
What is the highest common factor of 214 and 33277?
107
What is the highest common factor of 166470 and 870?
30
Calculate the highest common factor of 7264 and 32.
32
Calculate the highest common divisor of 4377384 and 33.
33
What is the greatest common divisor of 2889136 and 106?
106
Calculate the greatest common factor of 7465900 and 200.
100
Calculate the highest common factor of 444 and 1716.
12
What is the highest common factor of 40157 and 39?
13
Calculate the greatest common factor of 230 and 172390.
10
Calculate the highest common divisor of 1805785 and 185.
185
Calculate the greatest common divisor of 66 and 204028.
22
What is the greatest common factor of 10884 and 21?
3
What is the highest common factor of 6715 and 1615?
85
Calculate the greatest common divisor of 88044 and 53636.
1012
Calculate the greatest common divisor of 1351765 and 265.
265
What is the greatest common factor of 217 and 2881543?
217
Calculate the greatest common factor of 92 and 4085398.
46
What is the highest common factor of 1520 and 208?
16
What is the greatest common factor of 1920 and 100860?
60
What is the highest common factor of 10205 and 18980?
65
Calculate the greatest common factor of 4122 and 522.
18
What is the greatest common factor of 59 and 12036?
59
Calculate the greatest common divisor of 115 and 7665095.
115
Calculate the highest common factor of 1926 and 1710.
18
Calculate the greatest common factor of 3760 and 224.
16
Calculate the highest common divisor of 11623 and 17936.
59
Calculate the highest common divisor of 28 and 8571794.
14
What is the highest common divisor of 128 and 2284928?
128
What is the highest common divisor of 839 and 1620109?
839
Calculate the highest common divisor of 1760391 and 18.
9
Calculate the highest common factor of 1215 and 2754405.
1215
What is the highest common divisor of 31 and 279031?
31
What is the greatest common factor of 1456 and 10855?
13
What is the greatest common divisor of 50861 and 20272?
181
What is the highest common factor of 555 and 65305?
185
Calculate the greatest common divisor of 524 and 446448.
524
What is the greatest common divisor of 374 and 853281?
187
Calculate the highest common factor of 3255565 and 1087.
1087
Calculate the greatest common factor of 3280 and 245098.
82
Calculate the highest common factor of 12276 and 1628.
44
What is the highest common factor of 882 and 45234?
126
What is the highest common factor of 2231 and 3589?
97
Calculate the greatest common factor of 110 and 18130.
10
What is the highest common divisor of 185754 and 581?
83
What is the highest common factor of 80522 and 2223?
247
Calculate the greatest common divisor of 8606040 and 48.
24
Calculate the greatest common factor of 4972 and 115712.
452
What is the greatest common divisor of 6454 and 9128?
14
What is the greatest common factor of 2106 and 332982?
234
What is the greatest common factor of 1870 and 2210?
170
Calculate the highest common factor of 4 and 159986.
2
What is the highest common divisor of 658724 and 11?
11
What is the highest common divisor of 25 and 1395950?
25
Calculate the greatest common divisor of 138 and 3450.
138
What is the greatest common divisor of 37 and 514559?
37
What is the greatest common factor of 2103509 and 38?
19
What is the greatest common factor of 5842 and 26416?
254
Calculate the greatest common divisor of 1008 and 42672.
336
What is the greatest common divisor of 11780 and 437?
19
What is the highest common divisor of 954968 and 140?
28
What is the highest common divisor of 696392 and 40?
8
Calculate the highest common factor of 1962 and 480036.
654
What is the highest common divisor of 15096 and 2072?
296
What is the highest common factor of 22874 and 23?
1
Calculate the greatest common factor of 1107 and 831234.
123
Calculate the greatest common factor of 69402 and 4386.
258
What is the greatest common factor of 491 and 176269?
491
Calculate the highest common factor of 266750 and 94875.
1375
What is the highest 